{"id":342,"date":"2025-12-17T21:25:57","date_gmt":"2025-12-17T20:25:57","guid":{"rendered":"\/?page_id=342"},"modified":"2026-02-10T12:40:20","modified_gmt":"2026-02-10T11:40:20","slug":"studio-assistito-3","status":"publish","type":"page","link":"https:\/\/scuola.cestim.it\/index.php\/studio-assistito-3\/","title":{"rendered":"Studio assistito"},"content":{"rendered":"\n<h1 class=\"wp-block-heading\">COS\u2019\u00c8 LO STUDIO ASSISTITO CESTIM<\/h1>\n\n\n\n<p>Lo studio assistito (doposcuola) \u00e8 un servizio organizzato dal Cestim in collaborazione con la scuola per supportare nello studio e nello svolgimento dei compiti per casa gli studenti provenienti da contesti migratori. Il doposcuola mira a sostenere l\u2019impegno e l\u2019interesse per la scuola in particolare arricchendo la padronanza dell\u2019italiano sia come lingua dello studio delle discipline scolastiche sia come lingua dei valori che promuovono l\u2019inclusione e la piena fruizione dei diritti di cittadinanza. Il doposcuola verr\u00e0 organizzato in una sede scolastica nel Comune di Verona individuata tra quelle facilmente raggiungibili con i mezzi pubblici.<br><\/p>\n\n\n\n<h2 class=\"wp-block-heading\">A CHI \u00c8 RIVOLTO<\/h2>\n\n\n\n<p>Il doposcuola Cestim \u00e8 rivolto ad alunni provenienti da contesti migratori del biennio, motivati allo studio, segnalati dalla scuola per il rischio di insuccesso scolastico. Per partecipare al dopsocuola gli studenti devono aver gi\u00e0 acquisito la lingua italiana della prima comunicazione.<\/p>\n\n\n\n<p><\/p>\n\n\n\n<h1 class=\"wp-block-heading\">CHI SONO GLI INSEGNANTI<\/h1>\n\n\n\n<p>I docenti sono giovani laureati in materie umanistiche e linguistiche assunti e formati dal Cestim.<br>I docenti in alcuni doposcuola sono supportati da volontari adulti, da tirocinanti universitari o da studenti delle scuole superiori.<br><\/p>\n\n\n\n<h1 class=\"wp-block-heading\">METODOLOGIA DIDATTICA E MODALIT\u00c0 ORGANIZZATIVE<\/h1>\n\n\n\n<p>Ogni docente, coordinandosi con gli insegnanti di classe, \u00e8 impegnato a focalizzare l\u2019attenzione sui bisogni specifici di ciascun studente in funzione di una migliore resa scolastica a partire dallo studio delle dispcipline in cui la padronanza della lingua italiana \u00e8 di fondamentale importanza.<br>I docenti cercano di creare uno spazio di socializzazione positiva all\u2019interno del quale sostenere l\u2019autonomia organizzativa degli alunni e favorire il consolidamento di strategie e metodi efficaci per migliorare lo studio.<br>Le tempistiche spesso non consentono lo svolgimento di tutti i compiti assegnati agli studenti frequentanti.<br>Fondamentale \u00e8 il rapporto costante con i docenti di classe per la scelta di contenuti, materiali, attivit\u00e0 adeguati al livello linguistico degli alunni frequentanti e per la possibile preparazione degli stessi a verifiche, interrogazioni, esami.&nbsp;<br>Nel corso dell\u2019anno verranno proposti degli incontri di approfondimento su alcune tematiche individuate come valide per la formazione civica dei ragazzi.<br>L\u2019equipe sar\u00e0 composta da docenti Cestim e da insegnanti delle superiori in pensione che hanno dato loro disponibilit\u00e0 a titolo di volontariato affiancati da studenti in PCTO per attivit\u00e0 di peer tutoring.<br>Il rapporto docente-studenti mediamente \u00e8 di uno a tre. Non \u00e8 previsto quindi un servizio di supporto individualizzato.<br><\/p>\n\n\n\n<h1 class=\"wp-block-heading\">N. DI ALUNNI ISCRITTI RICHIESTO PER L\u2019ATTIVAZIONE<\/h1>\n\n\n\n<p>Il doposcuola viene attivato con la garanzia di frequenza di non meno di 20 alunni (che verranno suddivisi in 4 gruppi classe).<br><\/p>\n\n\n\n<h1 class=\"wp-block-heading\">TEMPI E DURATA<\/h1>\n\n\n\n<p>l servizio di studio assistito consiste in due incontri settimanali di due ore ciascuno (4 ore complessive di attivit\u00e0 didattica ogni settimana) da inizio novembre a fine maggio, a esclusione dei periodi di vacanza scolastica. viene organizzato in orario extrascolastico, indicativamente dalle 15:00 alle 17:00 in un Istituto Superiore situato nel Comune di Verona che metter\u00e0 a disposizione gli spazi. Il doposcuola prevede circa 90-100 h di attivit\u00e0 didattica. Sede, giorni e orari del servizio vengono comunicati con una circolare a inizo anno scolastico.<br><\/p>\n\n\n\n<h1 class=\"wp-block-heading\">MODALIT\u00c0 DI ATTIVAZIONE DELL\u2019INTERVENTO<br><\/h1>\n\n\n\n<ul class=\"wp-block-list\">\n<li>Il Cestim, generalmente nel mese di ottobre, invia una comunicazione agli Istituti scolastici con tutte le indicazioni procedurali e con la modulistica per richiedere l\u2019attivit\u00e0 di Studio Assistito Cestim;<\/li>\n\n\n\n<li>l\u2019Istituto scolastico che intende attivare lo Studio Assistito Cestim contatta la Direzione del Cestim per una verifica preventiva delle condizioni di realizzazione dell\u2019intervento;<\/li>\n\n\n\n<li>in presenza di tali condizioni l\u2019Istituto scolastico contatta e informa le famiglie dell\u2019opportunit\u00e0 formativa, raccoglie le pre-iscrizioni e inoltra alla Direzione del Cestim la domanda di attivazione dell\u2019intervento attraverso l\u2019apposita modulistica;&nbsp;<\/li>\n\n\n\n<li>il Cestim valuta le richieste pervenute e predispone gli interventi in stretta collaborazione con l\u2019insegnante Funzione Strumentale per l\u2019Intercultura. Nel caso in cui le richieste eccedano le risorse finanziarie a disposizione, verr\u00e0 effettuata una selezione sulla base dei seguenti criteri: numero degli alunni figli di immigrati iscritti nell\u2019Istituto scolastico e loro peso percentuale sul totale della sua popolazione scolastica; omogeneit\u00e0 per classe e\/o per tipo di bisogni linguistici dei ragazzi iscritti; storia di positiva collaborazione tra la Direzione scolastica e il Cestim.&nbsp;<\/li>\n\n\n\n<li>il Cestim e l\u2019Istituto scolastico si impegnano ad attivare una costante ed efficace comunicazione sulle attivit\u00e0 di Studio Assistito Cestim da svolgere. In particolare:<\/li>\n<\/ul>\n\n\n\n<p><\/p>\n\n\n\n<ol class=\"wp-block-list\">\n<li>prima dell\u2019avvio delle attivit\u00e0, si dovr\u00e0 tenere un incontro tra insegnanti di classe e collaboratori Cestim per la presentazione dei bisogni didattici degli alunni iscritti e la condivisione dei micro-obiettivi didattici da raggiungere;<\/li>\n\n\n\n<li>durante i mesi di Studio Assistito Cestim, collaboratori e insegnanti dovranno rimanere in contatto tra loro per scambiarsi informazioni sull\u2019andamento scolastico degli alunni, la loro frequenza alle attivit\u00e0 previste, la preparazione in vista di verifiche o esami e l\u2019eventuale aggiustamento dei micro-obiettivi fissati inizialmente.<\/li>\n<\/ol>\n\n\n\n<p><\/p>\n\n\n\n<h1 class=\"wp-block-heading\">IMPEGNI DI SINERGIA CESTIM-SCUOLA<br><\/h1>\n\n\n\n<p>La Direzione dell\u2019Istituto scolastico che intende fruire dell\u2019Azione garantisce:<br><\/p>\n\n\n\n<ul class=\"wp-block-list\">\n<li>la collaborazione del docente Funzione Strumentale per l\u2019Intercultura e degli insegnanti di classe coinvolti durante tutte le fasi dello Studio Assistito Cestim, dall\u2019avvio al monitoraggio in itinere, alla fase finale di valutazione del percorso svolto;<\/li>\n\n\n\n<li>la messa a disposizione di tante aule scolastiche quanti sono i gruppi impegnati nell\u2019attivit\u00e0 e la pulizia quotidiana delle stesse;<\/li>\n\n\n\n<li>l\u2019uso di una fotocopiatrice e delle attrezzature normalmente utilizzate per la didattica (LIM, supporti audio video ecc..) secondo le regole in vigore nell\u2019Istituto scolastico;<\/li>\n\n\n\n<li>servizi igienici e loro pulizia;<\/li>\n\n\n\n<li>la copertura assicurativa degli alunni frequentanti cos\u00ec come previsto per le attivit\u00e0 curricolari.<\/li>\n<\/ul>\n\n\n\n<p><br>Il Cestim garantisce:<\/p>\n\n\n\n<ol class=\"wp-block-list\">\n<li>l\u2019organizzazione in toto delle attivit\u00e0 didattiche;<\/li>\n\n\n\n<li>la selezione, la nomina e la formazione dei collaboratori Cestim con i quali stipuler\u00e0 un contratto di lavoro subordinato a tempo determinato e degli eventuali volontari disponibili;&nbsp;<\/li>\n\n\n\n<li>a polizza assicurativa di responsabilit\u00e0 civile per i collaboratori e i volontari coinvolti;<\/li>\n\n\n\n<li>la consulenza in itinere di formatori esperti ai docenti assunti e ai volontari;<\/li>\n\n\n\n<li>il monitoraggio costante delle attivit\u00e0 svolte;<\/li>\n\n\n\n<li>la documentazione di tutte le attivit\u00e0 didattiche proposte e la restituzione alla scuola di un report sulle attivit\u00e0 stesse e sul percorso svolto da ogni singolo alunno.<\/li>\n<\/ol>\n\n\n\n<p><\/p>\n\n\n\n<div class=\"wp-block-columns is-layout-flex wp-container-core-columns-is-layout-d0b3c9c8 wp-block-columns-is-layout-flex\">\n<div class=\"wp-block-column is-layout-flow wp-block-column-is-layout-flow\" style=\"flex-basis:33.33%\">\n<figure class=\"wp-block-image size-full\" style=\"margin-right:var(--wp--preset--spacing--40);margin-left:var(--wp--preset--spacing--40)\"><img loading=\"lazy\" decoding=\"async\" width=\"500\" height=\"400\" src=\"\/wp-content\/uploads\/2025\/12\/secondaria_3.jpg\" alt=\"\" class=\"wp-image-326\" srcset=\"https:\/\/scuola.cestim.it\/wp-content\/uploads\/2025\/12\/secondaria_3.jpg 500w, https:\/\/scuola.cestim.it\/wp-content\/uploads\/2025\/12\/secondaria_3-300x240.jpg 300w\" sizes=\"auto, (max-width: 500px) 100vw, 500px\" \/><\/figure>\n<\/div>\n\n\n\n<div class=\"wp-block-column is-layout-flow wp-block-column-is-layout-flow\" style=\"flex-basis:66.66%\">\n<p><\/p>\n\n\n\n<p><\/p>\n\n\n\n<h1 class=\"wp-block-heading\">CONTRIBUTO RICHIESTO ALLE FAMIGLIE<\/h1>\n\n\n\n<p>Alle famiglie viene chiesto di contribuire in maniera simbolica ai costi sostenuti. Il contributo \u00e8 di 40,00 euro per nucleo familiare. La Direzione scolastica, a fronte di difficolt\u00e0 economiche di alcune famiglie e nel caso in cui non possa provvedere essa stessa in loro vece, potr\u00e0 richiedere al Cestim di esonerare la famiglia dal versamento del contributo.<br><br><\/p>\n\n\n\n<h1 class=\"wp-block-heading\">CONTRIBUTO RICHIESTO ALLE SCUOLE<\/h1>\n\n\n\n<p>40,00 euro per studente frequentante.<\/p>\n<\/div>\n<\/div>\n\n\n\n<p><\/p>\n","protected":false},"excerpt":{"rendered":"<p>COS\u2019\u00c8 LO STUDIO ASSISTITO CESTIM Lo studio assistito (doposcuola) \u00e8 un servizio organizzato dal Cestim in collaborazione con la scuola per supportare nello studio e nello svolgimento dei compiti per casa gli studenti provenienti da contesti migratori. Il doposcuola mira a sostenere l\u2019impegno e l\u2019interesse per la scuola in particolare arricchendo la padronanza dell\u2019italiano sia [&hellip;]<\/p>\n","protected":false},"author":1,"featured_media":0,"parent":0,"menu_order":0,"comment_status":"closed","ping_status":"closed","template":"","meta":{"kia_subtitle":"Per alunni del biennio della scuola secondaria di II\u00b0 grado organizzato in una sede scolastica del Comune di Verona (Progetto \"Parole per crescere\")","footnotes":""},"class_list":["post-342","page","type-page","status-publish","hentry"],"_links":{"self":[{"href":"https:\/\/scuola.cestim.it\/index.php\/wp-json\/wp\/v2\/pages\/342","targetHints":{"allow":["GET"]}}],"collection":[{"href":"https:\/\/scuola.cestim.it\/index.php\/wp-json\/wp\/v2\/pages"}],"about":[{"href":"https:\/\/scuola.cestim.it\/index.php\/wp-json\/wp\/v2\/types\/page"}],"author":[{"embeddable":true,"href":"https:\/\/scuola.cestim.it\/index.php\/wp-json\/wp\/v2\/users\/1"}],"replies":[{"embeddable":true,"href":"https:\/\/scuola.cestim.it\/index.php\/wp-json\/wp\/v2\/comments?post=342"}],"version-history":[{"count":16,"href":"https:\/\/scuola.cestim.it\/index.php\/wp-json\/wp\/v2\/pages\/342\/revisions"}],"predecessor-version":[{"id":608,"href":"https:\/\/scuola.cestim.it\/index.php\/wp-json\/wp\/v2\/pages\/342\/revisions\/608"}],"wp:attachment":[{"href":"https:\/\/scuola.cestim.it\/index.php\/wp-json\/wp\/v2\/media?parent=342"}],"curies":[{"name":"wp","href":"https:\/\/api.w.org\/{rel}","templated":true}]}}